{"id":807,"date":"2015-03-20T14:24:53","date_gmt":"2015-03-20T18:24:53","guid":{"rendered":"http:\/\/cpnn-world.org\/temp\/?page_id=807"},"modified":"2015-04-30T10:56:08","modified_gmt":"2015-04-30T14:56:08","slug":"boletin","status":"publish","type":"page","link":"https:\/\/english.cpnn-world.org\/?page_id=807","title":{"rendered":"Boletines"},"content":{"rendered":"<p><em><big>Aqu\u00ed est\u00e1n los boletines en espanol desde el 1 de marzo de 2015.  Por consultar las siguientes p\u00e1ginas, haga clic en la flecha o en la parte inferior de la p\u00e1gina. Para boletines antes de marzo de 2015, haga clic <a href=\"http:\/\/cpnn-world.org\/bulletin\/bulletins.html\">aqu\u00ed<\/a><\/big><\/em>[frontpage_news widget=&#8221;1467&#8243; name=&#8221;boletines espagnol&#8221;]<\/p>\n","protected":false},"excerpt":{"rendered":"<p>Aqu\u00ed est\u00e1n los boletines en espanol desde el 1 de marzo de 2015. Por consultar las siguientes p\u00e1ginas, haga clic en la flecha o en la parte inferior de la p\u00e1gina. Para boletines antes de marzo de 2015, haga clic aqu\u00ed[frontpage_news widget=&#8221;1467&#8243; name=&#8221;boletines espagnol&#8221;]<\/p>\n","protected":false},"author":1,"featured_media":0,"parent":0,"menu_order":0,"comment_status":"closed","ping_status":"closed","template":"","meta":{"footnotes":""},"class_list":["post-807","page","type-page","status-publish","hentry"],"_links":{"self":[{"href":"https:\/\/english.cpnn-world.org\/index.php?rest_route=\/wp\/v2\/pages\/807","targetHints":{"allow":["GET"]}}],"collection":[{"href":"https:\/\/english.cpnn-world.org\/index.php?rest_route=\/wp\/v2\/pages"}],"about":[{"href":"https:\/\/english.cpnn-world.org\/index.php?rest_route=\/wp\/v2\/types\/page"}],"author":[{"embeddable":true,"href":"https:\/\/english.cpnn-world.org\/index.php?rest_route=\/wp\/v2\/users\/1"}],"replies":[{"embeddable":true,"href":"https:\/\/english.cpnn-world.org\/index.php?rest_route=%2Fwp%2Fv2%2Fcomments&post=807"}],"version-history":[{"count":0,"href":"https:\/\/english.cpnn-world.org\/index.php?rest_route=\/wp\/v2\/pages\/807\/revisions"}],"wp:attachment":[{"href":"https:\/\/english.cpnn-world.org\/index.php?rest_route=%2Fwp%2Fv2%2Fmedia&parent=807"}],"curies":[{"name":"wp","href":"https:\/\/api.w.org\/{rel}","templated":true}]}}